
Convert -860 (base 11) to base 9.
-1368
-104012 (base 5) to base 4
-320300
Convert -3134 (base 15) to base 12.
-6027
106267 (base 8) to base 2
1000110010110111
324 (base 6) to base 14
8c
What is 618 (base 12) in base 8?
1564
1989 (base 10) to base 16
7c5
Convert -1560 (base 8) to base 13.
-529
-53 (base 10) to base 6
-125
Convert -76 (base 10) to base 7.
-136
What is 3335 (base 7) in base 14?
61c
What is 1101101100 (base 2) in base 8?
1554
What is 311 (base 8) in base 4?
3021
-28a (base 11) to base 15
-17a
Convert 234020 (base 5) to base 15.
285a
Convert -10141 (base 12) to base 16.
-51c1
Convert 773 (base 13) to base 2.
10011111101
110101101111011 (base 2) to base 9
41662
What is -10241 (base 7) in base 3?
-10110122
-4765 (base 8) to base 13
-1211
Convert -1101010101101111 (base 2) to base 14.
-15cab
Convert 1510 (base 10) to base 3.
2001221
-3042 (base 6) to base 13
-3cb
Convert 2342 (base 5) to base 12.
24b
What is -bd (base 15) in base 7?
-343
What is 10000001100 (base 2) in base 12?
724
1b94 (base 12) to base 2
110101100000
Convert -5864 (base 14) to base 15.
-4851
-156 (base 13) to base 7
-462
What is -6c2 (base 16) in base 6?
-12002
Convert 240242 (base 5) to base 13.
4028
What is -19288 (base 10) in base 12?
-b1b4
What is cecb (base 15) in base 4?
22231001
2020020 (base 3) to base 10
1626
What is 25026 (base 9) in base 13?
7848
564 (base 12) to base 6
3404
Convert 3005 (base 7) to base 8.
2012
Convert 1021012 (base 4) to base 2.
1001001000110
Convert -4 (base 11) to base 13.
-4
Convert -578 (base 15) to base 12.
-872
11010000101 (base 2) to base 14
873
-5421 (base 9) to base 15
-12ad
Convert 19230 (base 11) to base 13.
c31b
Convert 20100222 (base 3) to base 6.
33255
What is -12516 (base 8) in base 3?
-21111000
What is -137246 (base 8) in base 2?
-1011111010100110
Convert -1316 (base 13) to base 3.
-10201212
Convert -1550 (base 6) to base 11.
-358
What is -210762 (base 8) in base 7?
-411314
-1 (base 5) to base 11
-1
What is -4b (base 12) in base 14?
-43
1212021 (base 3) to base 10
1357
-430 (base 14) to base 9
-1117
Convert 119 (base 14) to base 2.
11011011
What is 4e (base 16) in base 8?
116
Convert 9a9 (base 11) to base 4.
102320
289 (base 11) to base 4
11103
-2ebb (base 15) to base 7
-41243
11015 (base 8) to base 2
1001000001101
What is 4c (base 16) in base 11?
6a
What is 230 (base 5) in base 16?
41
Convert 1010101100011 (base 2) to base 11.
4128
Convert -3bba (base 12) to base 8.
-15376
Convert 1055 (base 7) to base 11.
319
What is -4341 (base 6) in base 4?
-33211
-201010022 (base 3) to base 9
-21108
What is -2102020 (base 3) in base 13?
-a56
-7553 (base 16) to base 14
-ad35
Convert -1533 (base 10) to base 7.
-4320
-101312 (base 4) to base 13
-69b
What is 1b164 (base 13) in base 4?
30323303
118d (base 14) to base 4
233321
Convert 3111 (base 7) to base 9.
1436
Convert 269 (base 10) to base 3.
100222
11323 (base 4) to base 7
1051
What is -13476 (base 8) in base 13?
-2929
-111100101100100 (base 2) to base 3
-1120121222
102032 (base 4) to base 2
10010001110
What is -2b11 (base 12) in base 8?
-11675
-340 (base 5) to base 12
-7b
What is 210102 (base 3) in base 6?
2402
What is 110456 (base 7) in base 12?
b305
What is 2021202012 (base 3) in base 7?
245144
Convert 122 (base 11) to base 7.
265
-396 (base 15) to base 13
-4aa
-3445 (base 15) to base 16
-2b52
What is 23546 (base 12) in base 3?
2102001200
-121210100 (base 3) to base 15
-3960
Convert 311 (base 16) to base 7.
2201
What is -38b3 (base 12) in base 11?
-4953
-3373 (base 9) to base 6
-15320
1402 (base 9) to base 12
73b
Convert 11550 (base 8) to base 9.
6730
3770a (base 12) to base 5
4402242
Convert -25476 (base 10) to base 15.
-7836
Convert -1131333 (base 6) to base 2.
-1110010100101001
Convert -2201020 (base 3) to base 12.
-1189
-1101010011100 (base 2) to base 16
-1a9c
9692 (base 10) to base 5
302232
445522 (base 6) to base 7
214340
What is 8b (base 13) in base 2?
1110011
What is -27422 (base 9) in base 6?
-221545
-5 (base 16) to base 4
-11
1876 (base 13) to base 8
7076
-626c (base 15) to base 8
-50502
1616 (base 11) to base 5
31244
24c (base 16) to base 3
210210
e76 (base 16) to base 9
5063
What is 63a (base 14) in base 16?
4cc
What is 101102120 (base 3) in base 11?
5791
Convert -56a (base 11) to base 10.
-681
Convert 305 (base 7) to base 14.
ac
What is -220111 (base 3) in base 10?
-661
What is 12771 (base 9) in base 8?
20712
24110 (base 6) to base 9
4716
What is 55103 (base 7) in base 10?
13772
Convert 69 (base 15) to base 11.
90
Convert 288 (base 10) to base 6.
1200
What is 372 (base 9) in base 11?
260
What is -22102 (base 4) in base 16?
-292
What is -55231 (base 9) in base 2?
-1000111100100000
-1738 (base 11) to base 4
-202223
What is 39974 (base 10) in base 6?
505022
d4d (base 14) to base 9
3527
-1010101111 (base 2) to base 15
-30c
What is -113212 (base 4) in base 15?
-6aa
What is -9319 (base 12) in base 6?
-202033
311202 (base 4) to base 2
110101100010
Convert -10217 (base 10) to base 16.
-27e9
Convert 1110010100101 (base 2) to base 7.
30244
-291a (base 11) to base 16
-ebc
Convert -2176 (base 15) to base 10.
-7086
What is -1001101011 (base 2) in base 10?
-619
-1445 (base 8) to base 10
-805
What is 1333002 (base 4) in base 14?
2d6a
-2316 (base 7) to base 10
-846
What is 1fb (base 16) in base 12?
363
What is 101011101111 (base 2) in base 14?
103d
What is -30332003 (base 4) in base 8?
-147603
Convert fa9 (base 16) to base 2.
111110101001
What is -7605 (base 9) in base 6?
-41522
-905 (base 10) to base 8
-1611
Convert 12661 (base 9) to base 10.
8560
Convert 145544 (base 6) to base 9.
21481
Convert -2bc (base 13) to base 14.
-273
Convert 22513 (base 7) to base 3.
21212201
What is -14 (base 6) in base 12?
-a
1544 (base 9) to base 3
1121111
Convert 864 (base 10) to base 14.
45a
16b (base 15) to base 7
644
Convert 1290b (base 14) to base 8.
131157
Convert 2240 (base 6) to base 4.
20100
Convert 8768 (base 9) to base 2.
1100100111101
What is 10122202 (base 3) in base 6?
20202
-100222212 (base 3) to base 11
-5524
What is -178 (base 9) in base 2?
-10011000
Convert 2242 (base 6) to base 5.
4110
1100 (base 2) to base 6
20
What is -4bab (base 12) in base 6?
-103535
51627 (base 8) to base 13
9981
What is -11011001100001 (base 2) in base 4?
-3121201
What is 333 (base 12) in base 2?
111010111
What is c2b5 (base 15) in base 12?
1b968
What is -74606 (base 8) in base 16?
-7986
What is 1110100111000 (base 2) in base 12?
43b4
-32a (base 14) to base 10
-626
Convert -22159 (base 11) to base 16.
-7d81
1010101210 (base 3) to base 9
33353
65b (base 14) to base 6
5453
Convert 6431 (base 7) to base 10.
2276
43311 (base 8) to base 11
12684
-111011101100100 (base 2) to base 4
-13131210
Convert -4034 (base 5) to base 16.
-207
1393 (base 10) to base 15
62d
635 (base 9) to base 11
431
What is -6c1 (base 13) in base 5?
-14141
-4151 (base 8) to base 3
-2221202
What is 6cd (base 16) in base 12?
1011
-2706 (base 13) to base 15
-19c3
What is -121b5 (base 13) in base 15?
-9cd2
What is 104534 (base 6) in base 8?
21212
-120121101 (base 3) to base 11
-8603
3b1 (base 14) to base 13
452
Convert 1032a (base 13) to base 15.
8954
5541 (base 11) to base 12
4289
-24133 (base 5) to base 8
-3401
-38a5 (base 15) to base 3
-121120102
What is 1a100 (base 11) in base 12?
142b4
Convert 133 (base 12) to base 7.
351
What is cc9 (base 16) in base 13?
164a
Convert 200144 (base 6) to base 10.
15616
Convert 2392 (base 11) to base 4.
300312
Convert 241 (base 16) to base 4.
21001
What is 3a83 (base 11) in base 16?
14ae
Convert -153 (base 6) to base 7.
-126
11110120 (base 3) to base 9
4416
What is 1022421 (base 5) in base 6?
211444
-239c (base 15) to base 13
-35a6
224 (base 10) to base 14
120
Convert -1404143 (base 5) to base 14.
-a641
2312430 (base 5) to base 12
200bb
Convert -3036 (base 7) to base 14.
-556
What is -20201020 (base 3) in base 6?
-34353
-11515 (base 6) to base 7
-4652
What is -1001011011111101 (base 2) in base 12?
-1a451
-231013 (base 4) to base 6
-21211
3b12 (base 15) to base 10
12617
What is 340 (base 5) in base 14?
6b
-363 (base 7) to base 3
-21010
What is -1111 (base 2) in base 14?
-11
What is -1503 (base 8) in base 13?
-4c3
1010111000110000 (base 2) to base 8
127060
2045 (base 12) to base 16
db5
What is 1129 (base 10) 